-7)
5
What is 0 - (3 - (1 + 1)) - 4?
-5
Evaluate -5 + (0 - (-9 + 21 + -9)).
-8
Calculate -8 - (-5 + (-4 - -3)).
-2
Evaluate -10 + 10 + -1 + 0 + 4.
3
Evaluate 1 + (8 + -11 - (-1 + -1)).
0
Evaluate (1 - -1) + -7 + -1.
-6
-4 + (-2 - -8) - (-6 + 6)
2
Calculate 14 + -21 + -1 + 1 + 7.
0
Calculate -6 + (0 - 6) + 0 + 4.
-8
What is the value of (-16 - -17) + (1 - -1) + -4?
-1
What is the value of -46 + 44 + (-1 - -1)?
-2
What is -1 + -2 - (-7 + 4 - -3)?
-3
Calculate (0 - -6) + -11 + (0 - -7).
2
What is 4 + -2 - -2 - (-21 + 23)?
2
What is -163 - -166 - (0 + -1 + 1)?
3
What is the value of 3 - (-11 + 25) - -10?
-1
What is (-2 - 5) + 2 + 2?
-3
What is the value of -5 - (-4 + (8 - 3))?
-6
(22 - 20) + 2 + -2
2
What is the value of 3 + 2 - (4 - (7 + -10))?
-2
Calculate (-6 - (-8 + 4) - 2) + 5.
1
What is -1 + -6 + (1 - -2) + 3?
-1
(-1 - (-5 + 2)) + -9 - -1
-6
What is the value of (-1 - 3) + -12 + (19 - 3)?
0
0 - (7 - 17) - 10
0
What is -2 + -1 + -1 + 2 - -3?
1
Calculate (-4 - -2) + (4 - 2) + 3.
3
What is (1 - -1) + 6 + -13?
-5
Evaluate -7 + 6 + (-3 - 0) - -6.
2
What is the value of -17 + 11 - 1 - (3 - 3)?
-7
What is the value of -4 + -2 + 3 + 0 + 1?
-2
What is (0 - 8) + (-9 - 8) + 25?
0
Evaluate 14 - (12 + -7 + (4 - 1)).
6
Calculate -5 + (-12 - -15) + -8 + 3.
-7
What is the value of 0 + (-7 - -6) - 3?
-4
4 - 2 - (22 - 15)
-5
Calculate (-2 - -9 - (-1 - -6)) + 1.
3
Evaluate 7 - (7 - (-2 + 5)).
3
What is 1 + -11 + 13 + 3?
6
Calculate 10 + (0 - 0) + 67 + -72.
5
What is -7 + 13 + -5 + 2 + 1?
4
What is 3 + 4 + -10 + 12 + 1?
10
0 + 1 - (10 + -11)
2
Evaluate 0 + 1 + (-5 - 1).
-5
What is (32 - 30) + -4 + 1?
-1
Calculate -6 + (24 + -18 - (-2 + 1)).
1
-4 + -3 + -4 - -7
-4
Evaluate (10 + -24 - -17) + (1 - 5).
-1
(17 - 8 - 13) + -2 + 13
7
What is the value of -14 - -13 - (-10 + (0 - -3))?
6
Calculate 4 - (-2 + (1 + 0 - -9)).
-4
Evaluate 10 + (-12 - -3) + 6.
7
What is -1 + -2 - (16 + -22)?
3
Evaluate -3 + (0 - -7) + -7.
-3
What is (0 - -4) + -1 - (34 - 36)?
5
Calculate 8 + (-11 - (-8 + -1)).
6
What is the value of -9 + -1 + (2 - -5 - 2)?
-5
(3 - 3) + (-7 - -9)
2
What is the value of 2 + (2 - 5) - 1?
-2
Calculate -1 - (-2 + 1) - (-54 + 50).
4
Calculate -5 + -1 - (-2 + -2).
-2
What is the value of (-3 - (2 - 2)) + -21 + 18?
-6
(-1 + -2 - 1) + 1
-3
-2 - (-1 + -4 + 9 + -2)
-4
Calculate 0 - (6 + 0) - (20 + -23).
-3
What is the value of 4 + (-5 - 3) + 6?
2
Calculate -6 - ((4 - 5) + 0).
-5
Evaluate -49 - -52 - (-1 + 6).
-2
-2 + -4 + 3 - -4
1
Evaluate 2 - (-3 + 0 + 0).
5
Calculate -6 + (1 - (3 + -6)).
-2
What is the value of (-30 - -39) + (-5 - 0)?
4
Calculate ((9 - 4) + 1 - 12) + 4.
-2
What is the value of 8 + -4 + -5 + 6?
5
What is the value of -3 + 2 - -2 - (-17 - -22)?
-4
What is 6 - ((-9 - -4) + 13 + -2)?
0
What is (-2 - -1 - 0) + (-1 - -5)?
3
What is 1 + 7 + (3 - (4 - -1))?
6
What is the value of 4 - 0 - (2 + 3 - 3)?
2
What is 0 - (-4 + (-5 - -6))?
3
What is the value of 4 - (-3 - (-4 - 2))?
1
What is the value of 1 - (-2 - -2) - (95 + -90)?
-4
What is the value of -4 + (-14 - -12) - -4?
-2
Evaluate -4 - -4 - (0 + -3) - 0.
3
4 + -8 - (4 + -8)
0
Evaluate -32 + 33 + -1 + -2.
-2
Calculate -157 + 145 - (-1 - 2).
-9
What is 14 - (0 - (6 + -1 - 8))?
11
What is (1 - 0) + -2 + 4?
3
Evaluate 2 + 1 - (0 + 3).
0
Evaluate -1 - 0 - (-22 + 20).
1
What is 26 - 12 - 16 - (1 - 1)?
-2
Calculate -6 - (2 - 5 - 1).
-2
What is the value of ((2 - -7) + -2 - 8) + 2?
1
-1 - (-5 + -2 + 3 + 2)
1
What is the value of -25 + 4 - (-7 + -5)?
-9
Calculate 3 - (1 + 4) - (3 + -7).
2
Calculate -3 + 7 - (-2 - (1 - 1)).
6
What is the value of -11 + (4 - -5) + -5?
-7
What is -4 - ((-8 - -10) + -1 + -3)?
-2
What is the value of 0 + (0 - 0) - (4 - 2)?
-2
What is -3 - (-20 + (4 - -6))?
7
What is -1 + 13 + -2 + 7 + -12?
5
Evaluate 4 + 3 + (5 - 2 - 11).
-1
Evaluate 5 + (-14 - 2) - -1.
-10
7 + 1 + -10 + -7
-9
What is (4 + -6 - 1) + 4 + -3?
-2
What is 5 + (-7 - (-4 - -1)) + -5?
-4
Evaluate (3 - (-1 - 1)) + -10 - -4.
-1
What is -4 + 2 + -3 + 2 + -3?
-6
What is 0 - 2 - (2 - 5)?
1
-4 - (-4 - (3 + -2)) - 4
-3
What is the value of (-4 - (-4 - (0 + -3))) + 5?
2
What is 3 + -9 - (-12 - -1)?
5
What is the value of (-7 - -2) + -5 + (3 - -1)?
-6
What is the value of 23 + -30 + (-2 - -19)?
10
0 + (-5 + 13 - 12)
-4
(-8 + -22 - -13) + 12
-5
Evaluate 6 + -5 + -29 + 31.
3
(-2 - 2) + 1 - (28 - 31)
0
0 + (-3 - (-12 - -6))
3
What is the value of 1 + 5 - (-11 + 13)?
4
What is the value of -5 - -7 - (-8 - -4)?
6
Evaluate -8 + 4 + 4 + -2 + 0.
-2
What is the value of (8 - 2) + -9 + 3?
0
Evaluate 19 - 24 - (-10 - 0) - 6.
-1
What is -4 - 1 - (-10 + 3)?
2
What is 9 + -14 + (2 - -6)?
3
What is -25 - ((13 - 37) + 10)?
-11
What is -9 + (8 - 4) - 3?
-8
What is 5 + -6 - (1 + -1 + -3)?
2
What is (2 - (-2 + 2)) + 4 + -2?
4
What is the value of -3 - (1 - (-3 - (0 + -4)))?
-3
Calculate 5 - (12 + -1 + -5).
-1
What is (-6 - -1 - -5) + -1?
-1
Calculate 0 + 1 + -5 + 1 + 3.
0
(0 - 2) + -36 + 13 + 18
-7
(1 - (-2 - -13)) + 8
-2
-4 - (4 + -14 + 9)
-3
What is the value of -3 - (-4 - 2 - -6)?
-3
What is 2 - -16 - 20 - (0 + -6)?
4
Calculate -5 - (-7 - 0 - -2).
0
Calculate -2 + (0 - (-4 - (-1 - 0))).
1
What is 0 + 0 + -4 + 4 + -5?
-5
Calculate -8 - (-5 + 1 + 3).
-7
Evaluate (-3 - -1) + -13 + 11 + 0.
-4
Evaluate -2 + 21 + -17 + 8.
10
Calculate 5 + -2 + -1 + -3.
-1
Calculate 5 + (1 + 0 - (-2 - -12)).
-4
1 + -3 + (-10 - (-3 - 4))
-5
What is (-11 - -14) + (4 - -2)?
9
Calculate 9 - (-5 + (-8 - -14)).
8
Calculate 2 + -1 - (6 + -8).
3
Calculate 4 - (7 + -4 + -3) - 4.
0
What is (2 - 5) + -1 - -3 - -4?
3
Calculate -14 + 11 + -4 + 8.
1
Evaluate -2 - -6 - (-1 - -6).
-1
-1 + -1 + -126 + 135
7
What is -5 - 0 - (-2 + -1 - -2)?
-4
Evaluate 4 + 2 - (18 - 3 - 5).
-4
What is the value of -13 - -11 - (1 - -3)?
-6
What is the value of 16 - (23 - (4 - -7))?
4
-39 - -31 - (-7 - -1)
-2
What is -4 + 0 + 1 + 0 + 2?
-1
What is the value of -5 - -2 - (7 - 1)?
-9
5 + 2 - (-4 + 7)
4
What is -3 + (-4 - -6) + 0?
-1
-1 + -4 - (-8 - -6)
-3
-5 + -10 + (2 - -8)
-5
What is 3 - -1 - ((-9 - 4) + 13)?
4
What is (-13 - -2) + -25 + 32?
-4
What is the value of 3 - (-4 + 2 + -1 + 2)?
4
What is the value of (0 - -3 - -1) + -8?
-4
What is 12 + -1 + 2 - (6 - -1)?
6
Calculate -7 - 6 - (3 + -9).
-7
What is (0 - 1) + 3 + 6 + -4?
4
Calculate 7 - ((1 - -5) + 3).
-2
Calculate -3 - (-4 + 3 + (2 - 2)).
-2
Calculate 8 + (12 + -14 - (0 + 2)).
4
Calculate (-2 - 4) + (5 - (4 - -3)).
-8
What is -7 - (6 + -9 + 0 - 1)?
-3
Evaluate -7 - ((0 - 4) + -32 + 29).
0
Evaluate 8 - 8 - (-14 - -9).
5
What is -3 - (5 + (0 - 4) + -7)?
3
Evaluate (-7 - 0) + (0 - (1 - 3)).
-5
What is the value of (-3 + 10 - 3) + (-3 - -1)?
2
What is the value of 3 + -1 - (-1 - 4 - -2)?
5
1 + 0 + (3 - (6 + -6))
4
Calculate 3 + 1 + -12 + 14.
6
What is the value of (3 + -3 - -1) + 2 + 2?
5
What is 3 - -3 - -6 - 8?
4
Calculate 0 - (-3 - (2 + -8) - -1).
-4
Evaluate 6 + (-14 - ((5 - -1) + -14)).
0
What is the value of 1 - (3 - (0 - 1))?
-3
(4 - -1) + (11 - 26) + 10
0
Calculate 4 - (-6 + 12) - (-5 - -10).
-7
What is the value of 9 + 0 + (-151 - -140)?
-2
What is the value of 4 - (4 + -3 + 8)?
-5
What is 0 + 5 - (4 - 2)?
3
What is the value of -4 - (1 + (12 - 6) + -4)?
-7
Calculate (1 + 6 - 4) + (-2 - -4).
5
What is -3 - (0 - -6 - 6)?
-3
-5 + -8 + 8 + 9
4
What is -1 - (-3 + (2 - -1)) - -4?
3
Evaluate -3 - (-3 + -3 - -4).
-1
What is 4 - (1 - 1) - 1 - 3?
0
Evaluate -5 + 9 + -3 + -4.
-3
What is the value of 2 - (7 + -10) - 8?
-3
What is the value of (-4 - -8 - 12) + (-5 - -11)?
-2
Evaluate 222 - 224 - ((-1 - -1) + -4).
2
What is -9 + (11 - (2 + 7))?
-7
Evaluate (-7 - -4) + 2 + 1.
0
Evaluate -1 + -3 + 55 + -47.
4
What is (4 - -11) + -10 - (4 - 0)?
1
What is the value of 1 + 1 - (-2 + 7 - -1)?
-4
What is the value of (-3 + 4 - -4) + 1 + -3?
3
What is the value of 5 - (16 + -2 - 6)?
-3
3 + 5 + 3 + -2 + -6
3
Calculate -28 - -30 - (9 - 3).
-4
What is the value of -1 - (0 - -2) - (40 - 47)?
4
What is the value of -1 - (-7 + 2) - (-20 - -22)?
2
What is -3 + 1 - (2 + -6 + 1)?
1
2 - (-5 + 11 + -2 - -1)
-3
Calculate -7 + 1 - (10 - 8 - 10).
2
What is 1 - -4 - -6 - 5?
6
-1 - (1 + (1 - (-5 - -4)))
-4
-4 + 11 + 0 + 3 + -7
3
What is -1 + 0 + (-2 - -6) + -4?
-1
What is 8 + -1 - 3 - 7?
-3
Calculate -5 - (-4 + (2 - 3)).
0
What is -3 - (-9 + -1 + 0 + 3)?
4
Evaluate -2 - (-7 - 6 - 